.
-204
Let u(k) = k**3 - 153*k**2 + 5807*k + 154. Determine u(70).
-56
Let n(f) = -4*f**2 + 9*f - 6. What is n(6)?
-96
Let x(g) = 5*g**2 - 341*g - 2662. What is x(-7)?
-30
Let x(m) = 19*m**2 - 35*m - 9. Calculate x(6).
465
Let b(s) = 7*s**2 + 28*s - 38. What is b(2)?
46
Let x(v) = -v**2 - 217*v - 9952. What is x(-151)?
14
Let d(v) = v**2 - 54*v - 299. Give d(-5).
-4
Let v(w) = -2*w**2 - 24*w + 3095. Calculate v(-46).
-33
Let n(s) = -64*s**3 - s**2 - s. Calculate n(-1).
64
Let k(j) = -2*j**3 - 29*j**2 + 269*j - 97. Determine k(-21).
-13
Let g(f) = 14*f**2 - 152*f + 1039. What is g(7)?
661
Let c(t) = -t**2 + 45*t + 35. Give c(28).
511
Let h(p) = -3*p**3 + 4*p**2 + 3*p + 6. Give h(3).
-30
Let t(y) = 20795*y - 145559. Calculate t(7).
6
Let h(i) = -2*i**3 - 61*i**2 - 30*i + 3. Determine h(-30).
3
Let q(m) = 2*m**2 - 279*m + 1883. Give q(7).
28
Let m(y) = -y**3 + 24*y**2 - 78*y + 723. What is m(22)?
-25
Let x(v) = v**2 - 189*v + 6892. Give x(140).
32
Let o(c) = 6*c**2 + 49*c - 31. Determine o(5).
364
Let v(d) = d + 88. Give v(-19).
69
Let a(j) = 4*j**2 + 15*j + 134. Determine a(-9).
323
Let g(f) = 2*f**3 - 63*f**2 + 70*f - 1213. Determine g(31).
-4
Let s(a) = 36*a - 34. What is s(-5)?
-214
Let x(g) = 2349*g + 2403. What is x(-1)?
54
Let u(s) = 198*s + 10469. Give u(-53).
-25
Let g(t) = -3*t**2 + 231*t - 516. Give g(75).
-66
Let x(w) = -w**2 - 24*w + 119. Determine x(5).
-26
Let i(y) = -40*y + 915. Determine i(23).
-5
Let y(f) = -f**2 + 6*f + 2. Give y(10).
-38
Let p(w) = 37*w + 726. Calculate p(-17).
97
Let q(f) = -22*f**2 + 513*f + 1023. Determine q(-2).
-91
Let r(t) = -t**2 + 41*t - 393. What is r(14)?
-15
Let v(i) = -3*i**3 - 457*i**2 + 330*i + 3680. What is v(-153)?
8
Let i(j) = -13*j + 1679. Determine i(129).
2
Let t(d) = 4*d - 26. What is t(20)?
54
Let n(p) = 44*p + 203. Determine n(-7).
-105
Let l(j) = -6*j - 164. Determine l(-27).
-2
Let t(m) = -m**3 + 27*m**2 - 180*m - 56. Determine t(12).
-56
Let d(b) = 12*b**3 + 2*b**2 - 14*b + 35. Determine d(3).
335
Let u(s) = -13*s**3 + 3*s**2 - 24*s - 26. Calculate u(-1).
14
Let p(b) = b**3 + 88*b**2 - 658*b + 676. Determine p(-95).
11
Let z(u) = 89*u**2 - u. What is z(-1)?
90
Let z(s) = -2*s**3 + 77*s**2 + 45*s - 208. What is z(39)?
26
Let x(y) = y**2 - 34*y + 271. Give x(21).
-2
Let r(c) = 29*c**3 + 197*c**2 - 48*c - 9. Determine r(-7).
33
Let y(l) = 17*l**2 - 645*l - 23. What is y(38)?
15
Let k(a) = -a**3 - 29*a**2 + 26*a - 154. Give k(-30).
-34
Let d(m) = 2*m**2 - 152*m + 784. Give d(69).
-182
Let q(f) = 41*f - 280. What is q(17)?
417
Let x(f) = -4*f**2 - 536*f - 17851. What is x(-62)?
5
Let f(p) = -124*p + 38683. What is f(312)?
-5
Let l(d) = -1976*d - 59280. What is l(-30)?
0
Let r(d) = 194*d - 1. Give r(0).
-1
Let s(g) = -145*g + 1447. Give s(6).
577
Let z(r) = 121*r - 14. Give z(3).
349
Let q(i) = -i**3 - 10*i**2 + 22*i + 49. What is q(-12)?
73
Let i(a) = -8095*a - 64737. Give i(-8).
23
Let s(g) = 33*g + 196. Calculate s(-11).
-167
Let q(a) = 2*a**3 + 117*a**2 - 176*a + 285. Calculate q(-60).
45
Let k(r) = 2*r**3 + 7*r**2 - 27*r - 4. What is k(3)?
32
Let o(d) = d**3 - 48*d**2 - 2*d + 27. Determine o(48).
-69
Let u(g) = -g**2 - 51*g + 198. Determine u(-51).
198
Let q(m) = 3*m**2 - 22*m - 87. Give q(-3).
6
Let q(x) = -14*x - 666. Determine q(-48).
6
Let d(t) = 128*t + 35. Calculate d(0).
35
Let m(z) = -z**3 + 34*z**2 + 55*z - 739. Determine m(35).
-39
Let s(n) = -7*n**3 + 12*n + 12. What is s(-1)?
7
Let q(p) = 2*p**2 - 38*p - 84. Give q(-5).
156
Let i(h) = h**3 - 7*h**2 + 63*h - 367. Determine i(6).
-25
Let j(s) = s**3 - 14*s**2 + 50*s + 10. Calculate j(7).
17
Let w(m) = m**3 - 54*m**2 + 41*m + 410. Determine w(53).
-226
Let p(n) = -8*n + 121. What is p(14)?
9
Let f(y) = -y**3 + 9*y**2 - 2*y - 5. Calculate f(9).
-23
Let s(r) = 41*r + 866. Calculate s(-20).
46
Let i(q) = -230*q + 13. Determine i(-1).
243
Let p(l) = -1063*l - 2113. What is p(-2)?
13
Let v(g) = -g**3 - 4*g**2 + 1293*g + 25. Give v(-38).
-13
Let p(y) = -181*y - 1226. Determine p(-6).
-140
Let s(g) = 2848*g + 8546. Calculate s(-3).
2
Let a(w) = -38*w - 1527. What is a(-40)?
-7
Let w(t) = -38*t**2 - 2279*t + 23. Determine w(-60).
-37
Let v(i) = 17*i**2 - 1394*i - 32. What is v(82)?
-32
Let g(j) = j**2 - 32*j + 12. Give g(32).
12
Let j(d) = -3*d**2 + 58*d + 200. Determine j(-3).
-1
Let g(h) = -h**3 - 77*h**2 + 1808*h - 1544. Give g(-96).
-8
Let j(w) = 3*w**3 - 17*w**2 - 13*w + 59. What is j(6)?
17
Let k(u) = -79*u**3 + 711*u**2 + u - 2. Determine k(9).
7
Let z(m) = -100*m - 2998. What is z(-30)?
2
Let x(j) = -104*j + 2178. Give x(21).
-6
Let p(t) = 100*t - 2105. Determine p(24).
295
Let p(a) = -3*a**3 + a**2 - 7*a + 130. Calculate p(4).
-74
Let n(i) = -i**3 + 51*i**2 + 7*i. What is n(0)?
0
Let y(r) = -r**3 - 77*r**2 - 1327*r - 33. Give y(-51).
18
Let w(k) = -154*k**2 + 927*k - 14. Determine w(6).
4
Let o(g) = -g**3 - 10*g**2 + 28*g - 125. Calculate o(-13).
18
Let z(y) = -y**2 - 17*y - 19. Determine z(-15).
11
Let r(w) = -w**2 + 29*w + 160. Calculate r(-5).
-10
Let x(f) = -152*f - 1946. Calculate x(-13).
30
Let d(y) = -15*y + 607. Calculate d(40).
7
Let a(o) = o**2 - 13*o - 552. Calculate a(23).
-322
Let z(i) = -i**2 - 8*i + 144. Calculate z(13).
-129
Let p(x) = x**3 - 7*x**2 + 31*x - 80. Determine p(7).
137
Let o(b) = -263*b - 4462. Calculate o(-17).
9
Let d(m) = -7*m**3 + 82*m**2 - 123*m + 25. Give d(10).
-5
Let n(p) = 6*p + 44. Give n(-10).
-16
Let v(z) = z**3 + 9*z**2 - 10*z + 29. Determine v(-9).
119
Let d(p) = 3*p**2 + 103*p - 51. What is d(-35)?
19
Let y(f) = -4*f - 35. Give y(-20).
45
Let k(d) = d**3 - 20*d**2 - 41*d + 3. Give k(-2).
-3
Let j(i) = i**2 - 41*i - 296. Calculate j(35).
-506
Let p(w) = 67*w - 4883. Give p(73).
8
Let j(z) = -z**2 - 24*z - 128. Calculate j(-17).
-9
Let u(t) = -1361*t + 2720. Determine u(2).
-2
Let s(g) = -6*g**2 - 43*g + 9. Determine s(-8).
-31
Let w(u) = -93*u + 4311. Determine w(46).
33
Let r(k) = -6*k**3 + 241*k**2 + 244*k + 4. Determine r(-1).
7
Let l(f) = -27*f**2 - 673*f - 15. Determine l(-25).
-65
Let p(m) = 3*m**2 + 227*m - 137. Give p(-75).
-287
Let w(c) = c**3 + 9*c**2 - 3*c - 121. Determine w(-7).
-2
Let d(g) = 2936*g + 114504. What is d(-39)?
0
Let s(u) = -3*u**2 + 9*u - 11. Determine s(2).
-5
Let h(y) = -y**3 + 4*y**2 + 6*y + 15. What is h(7)?
-90
Let w(q) = -357*q + 5696. What is w(16)?
-16
Let t(v) = 302*v + 287. Calculate t(-1).
-15
Let a(f) = 22*f + 655. Determine a(-35).
-115
Let g(z) = 49*z + 2256. Calculate g(-46).
2
Let a(o) = 22*o - 102. Give a(-2).
-146
Let y(q) = -3*q**2 + 290*q - 742. Calculate y(94).
10
Let q(b) = b**3 + 13*b**2 - 19*b - 29. Determine q(-7).
398
Let n(x) = 96*x**2 - 1537*x + 5. Give n(16).
-11
Let d(v) = -269*v - 18. Determine d(1).
-287
Let z(w) = w**3 + 7*w**2 - 55*w - 241. What is z(-6)?
125
Let l(s) = 3*s**2 + 89*s + 275. Determine l(-26).
-11
Let t(k) = -k**2 - 39*k - 233. Calculate t(-30).
37
Let i(n) = -n**3 - 21*n**2 + 30*n + 246. What is i(-22)?
70
Let h(v) = -275*v - 5208. Give h(-19).
17
Let z(h) = -15*h**2 + 226*h - 227. What is z(1)?
-16
Let f(k) = -289*k - 4396. Give f(-15).
-61
Let f(q) = -511*q + 3055. Calculate f(6).
-11
Let w(v) = 34*v + 1594. Give w(-48).
-38
Let n(v) = -6*v**2 + 155*v + 27. Determine n(26).
1
Let t(b) = b**2 - 808*b + 2414. Determine t(3).
-1
Let o(j) = -301*j + 2072. Calculate o(7).
-35
Let l(k) = -18*k + 527. Give l(38).
-157
Let n(g) = g**3 + 39*g**2 - 744*g - 105. Give n(-53).
1
Let o(w) = -w**2 - 5*w + 24. Calculate o(-10).
-26
Let w(o) = 2*o**2 + 34*o + 146. Calculate w(-4).
42
Let k(a) = -a**2 + 25*a + 88. Calculate k(20).
188
Let m(u) = 456*u - 2202. Calculate m(5).
78
Let c(z) = z**3 + 27*z**2 + 4*z + 28. Determine c(-27).
-80
Let w(o) = -6*o**3 + 1136*o**2 - 378*o - 12. Calculate w(189).
-12
Let i(s) = s**2 + 35*s - 1957. Calculate i(30).
-7
Let d(t) = -551*t + 3802. Give d(7).
-55
Let t(k) = k**2 - 16*k - 68. Calculate t(0).
-68
Let j(a) = 45*a**2 - 3*a - 3. Determine j(2).
171
Let b(p) = 374*p - 2616. Give b(7).
2
Let v(d) = -862*d - 24142. Give v(-28).
-6
Let z(p) = -2*p**2 - 163*p - 387. Determine z(-79).
8
Let q(w) = -3153*w + 12606. Determine q(4).
-6
Let m(z) = -238*z + 2758. Determine m(12).
-98
Let b(x) = 5*x**3 + 12*x**2 + 5*x + 23. What is b(-4)?
-125
Let j(l) = 478*l - 37279. Determine j(78).
5
L